{"id":11,"date":"2025-04-18T20:29:17","date_gmt":"2025-04-18T23:29:17","guid":{"rendered":"http:\/\/digitalcortex.com.br\/?page_id=11"},"modified":"2025-04-21T15:50:21","modified_gmt":"2025-04-21T18:50:21","slug":"carreira","status":"publish","type":"page","link":"https:\/\/digitalcortex.com.br\/index.php\/carreira\/","title":{"rendered":"Carreira"},"content":{"rendered":"\n<p><\/p>\n\n\n\n<div class=\"wp-block-columns is-layout-flex wp-container-core-columns-is-layout-28f84493 wp-block-columns-is-layout-flex\">\n<div class=\"wp-block-column is-layout-flow wp-block-column-is-layout-flow\">\n<figure class=\"wp-block-image size-large is-resized\"><img loading=\"lazy\" decoding=\"async\" width=\"1024\" height=\"307\" src=\"http:\/\/digitalcortex.com.br\/wp-content\/uploads\/2025\/04\/banner-lancamento-3-1024x307.png\" alt=\"\" class=\"wp-image-279\" style=\"width:1140px;height:auto\" srcset=\"https:\/\/digitalcortex.com.br\/wp-content\/uploads\/2025\/04\/banner-lancamento-3-1024x307.png 1024w, https:\/\/digitalcortex.com.br\/wp-content\/uploads\/2025\/04\/banner-lancamento-3-300x90.png 300w, https:\/\/digitalcortex.com.br\/wp-content\/uploads\/2025\/04\/banner-lancamento-3-768x230.png 768w, https:\/\/digitalcortex.com.br\/wp-content\/uploads\/2025\/04\/banner-lancamento-3-1536x461.png 1536w, https:\/\/digitalcortex.com.br\/wp-content\/uploads\/2025\/04\/banner-lancamento-3-2048x614.png 2048w\" sizes=\"auto, (max-width: 1024px) 100vw, 1024px\" \/><\/figure>\n<\/div>\n<\/div>\n\n\n\n<p><\/p>\n\n\n\n<hr class=\"wp-block-separator has-alpha-channel-opacity is-style-wide\"\/>\n\n\n\n<div class=\"wp-block-media-text is-stacked-on-mobile\" style=\"grid-template-columns:35% auto\"><figure class=\"wp-block-media-text__media\"><img loading=\"lazy\" decoding=\"async\" width=\"630\" height=\"351\" src=\"http:\/\/digitalcortex.com.br\/wp-content\/uploads\/2025\/04\/IA.jpeg\" alt=\"\" class=\"wp-image-259 size-full\" srcset=\"https:\/\/digitalcortex.com.br\/wp-content\/uploads\/2025\/04\/IA.jpeg 630w, https:\/\/digitalcortex.com.br\/wp-content\/uploads\/2025\/04\/IA-300x167.jpeg 300w\" sizes=\"auto, (max-width: 630px) 100vw, 630px\" \/><\/figure><div class=\"wp-block-media-text__content\">\n<h2 class=\"wp-block-heading\"><strong>Seu Emprego Est\u00e1 em Risco?<\/strong><\/h2>\n\n\n\n<p>C<strong>argos como caixas, operadores de telemarketing, digitadores e auxiliares administrativos est\u00e3o entre os mais amea\u00e7ados<\/strong>, de acordo com dados do F\u00f3rum Econ\u00f4mico Mundial e estudos recentes da Forbes Brasil.<\/p>\n\n\n\n<div class=\"wp-block-buttons is-content-justification-right is-layout-flex wp-container-core-buttons-is-layout-d445cf74 wp-block-buttons-is-layout-flex\">\n<div class=\"wp-block-button\"><a class=\"wp-block-button__link wp-element-button\" href=\"http:\/\/digitalcortex.com.br\/index.php\/2025\/04\/21\/conheca-os-21-cargos-que-devem-desaparecer-em-breve\/\">Leia mais<\/a><\/div>\n<\/div>\n<\/div><\/div>\n\n\n\n<hr class=\"wp-block-separator has-alpha-channel-opacity is-style-wide\"\/>\n\n\n\n<div class=\"wp-block-media-text is-stacked-on-mobile\" style=\"grid-template-columns:35% auto\"><figure class=\"wp-block-media-text__media\"><img loading=\"lazy\" decoding=\"async\" width=\"1024\" height=\"768\" src=\"http:\/\/digitalcortex.com.br\/wp-content\/uploads\/2025\/04\/vagas-1024x768.jpg\" alt=\"O mercado de trabalho brasileiro em 2025 est\u00e1 em constante evolu\u00e7\u00e3o, impulsionado por avan\u00e7os tecnol\u00f3gicos, mudan\u00e7as sociais e econ\u00f4micas. Diversos setores apresentam crescimento significativo, oferecendo oportunidades promissoras para profissionais qualificados.\u200b\n\n\" class=\"wp-image-250 size-full\" srcset=\"https:\/\/digitalcortex.com.br\/wp-content\/uploads\/2025\/04\/vagas-1024x768.jpg 1024w, https:\/\/digitalcortex.com.br\/wp-content\/uploads\/2025\/04\/vagas-300x225.jpg 300w, https:\/\/digitalcortex.com.br\/wp-content\/uploads\/2025\/04\/vagas-768x576.jpg 768w, https:\/\/digitalcortex.com.br\/wp-content\/uploads\/2025\/04\/vagas.jpg 1200w\" sizes=\"auto, (max-width: 1024px) 100vw, 1024px\" \/><\/figure><div class=\"wp-block-media-text__content\">\n<h2 class=\"wp-block-heading\">\u200b<strong>Profiss\u00f5es em Alta no Brasil em 2025: Tend\u00eancias, Sal\u00e1rios e Habilidades Valorizadas<\/strong><\/h2>\n\n\n\n<p>\u200bO mercado de trabalho brasileiro em 2025 est\u00e1 em constante evolu\u00e7\u00e3o, impulsionado por avan\u00e7os tecnol\u00f3gicos, mudan\u00e7as sociais e econ\u00f4micas. Diversos setores apresentam crescimento significativo, oferecendo oportunidades promissoras para profissionais qualificados.<a href=\"https:\/\/www.roberthalf.com\/br\/pt\/insights\/carreira\/carreiras-em-alta-para-2025?utm_source=chatgpt.com\" target=\"_blank\" rel=\"noreferrer noopener\"><\/a><\/p>\n\n\n\n<div class=\"wp-block-buttons is-content-justification-right is-layout-flex wp-container-core-buttons-is-layout-d445cf74 wp-block-buttons-is-layout-flex\">\n<div class=\"wp-block-button\"><a class=\"wp-block-button__link wp-element-button\" href=\"http:\/\/digitalcortex.com.br\/index.php\/2025\/04\/21\/setores-em-destaque-e-profissoes-mais-desejadas-em-2025\/\">Leia mais<\/a><\/div>\n<\/div>\n<\/div><\/div>\n\n\n\n<hr class=\"wp-block-separator has-alpha-channel-opacity is-style-wide\"\/>\n\n\n\n<div class=\"wp-block-media-text is-stacked-on-mobile\" style=\"grid-template-columns:35% auto\"><figure class=\"wp-block-media-text__media\"><img loading=\"lazy\" decoding=\"async\" width=\"938\" height=\"535\" src=\"http:\/\/digitalcortex.com.br\/wp-content\/uploads\/2025\/04\/trt.webp\" alt=\"\" class=\"wp-image-243 size-full\" srcset=\"https:\/\/digitalcortex.com.br\/wp-content\/uploads\/2025\/04\/trt.webp 938w, https:\/\/digitalcortex.com.br\/wp-content\/uploads\/2025\/04\/trt-300x171.webp 300w, https:\/\/digitalcortex.com.br\/wp-content\/uploads\/2025\/04\/trt-768x438.webp 768w\" sizes=\"auto, (max-width: 938px) 100vw, 938px\" \/><\/figure><div class=\"wp-block-media-text__content\">\n<h2 class=\"wp-block-heading\"><strong>TRT-2 abre novo concurso para T\u00e9cnicos e Analistas com sal\u00e1rios de at\u00e9 R$ 18,4 mil<\/strong><\/h2>\n\n\n\n<p>Ser\u00e3o oferecidas ao menos 7 vagas imediatas, al\u00e9m da forma\u00e7\u00e3o de cadastro reserva para diversas \u00e1reas. Todos os cargos exigem n\u00edvel superior completo.<\/p>\n\n\n\n<div class=\"wp-block-buttons is-content-justification-right is-layout-flex wp-container-core-buttons-is-layout-d445cf74 wp-block-buttons-is-layout-flex\">\n<div class=\"wp-block-button\"><a class=\"wp-block-button__link wp-element-button\" href=\"http:\/\/digitalcortex.com.br\/index.php\/2025\/04\/21\/trt-2-abre-selecao-para-tecnicos-e-analistas\/\">Leia mais<\/a><\/div>\n<\/div>\n<\/div><\/div>\n\n\n\n<hr class=\"wp-block-separator has-alpha-channel-opacity is-style-wide\"\/>\n\n\n\n<div class=\"wp-block-media-text is-stacked-on-mobile\" style=\"grid-template-columns:35% auto\"><figure class=\"wp-block-media-text__media\"><img loading=\"lazy\" decoding=\"async\" width=\"1000\" height=\"563\" src=\"http:\/\/digitalcortex.com.br\/wp-content\/uploads\/2025\/04\/curso-de-ti.jpeg\" alt=\"\" class=\"wp-image-196 size-full\" srcset=\"https:\/\/digitalcortex.com.br\/wp-content\/uploads\/2025\/04\/curso-de-ti.jpeg 1000w, https:\/\/digitalcortex.com.br\/wp-content\/uploads\/2025\/04\/curso-de-ti-300x169.jpeg 300w, https:\/\/digitalcortex.com.br\/wp-content\/uploads\/2025\/04\/curso-de-ti-768x432.jpeg 768w\" sizes=\"auto, (max-width: 1000px) 100vw, 1000px\" \/><\/figure><div class=\"wp-block-media-text__content\">\n<h2 class=\"wp-block-heading\"><strong>Capacita\u00e7\u00e3o Gratuita em TI Chega a 7 Cidades Brasileiras<\/strong><\/h2>\n\n\n\n<p>Profissionais e estudantes da \u00e1rea de Tecnologia da Informa\u00e7\u00e3o (TI) t\u00eam uma excelente oportunidade para aprimorar suas habilidades. Uma iniciativa gratuita de capacita\u00e7\u00e3o est\u00e1 percorrendo sete cidades brasileiras, oferecendo treinamentos presenciais focados em ferramentas essenciais para o mercado.\u200b<\/p>\n\n\n\n<p><\/p>\n\n\n\n<div class=\"wp-block-buttons is-content-justification-right is-layout-flex wp-container-core-buttons-is-layout-d445cf74 wp-block-buttons-is-layout-flex\">\n<div class=\"wp-block-button\"><a class=\"wp-block-button__link wp-element-button\" href=\"http:\/\/digitalcortex.com.br\/index.php\/2025\/04\/20\/oportunidade-para-impulsionar-sua-carreira\/\">Leia mais<\/a><\/div>\n<\/div>\n<\/div><\/div>\n\n\n\n<hr class=\"wp-block-separator has-alpha-channel-opacity is-style-wide\"\/>\n\n\n\n<div class=\"wp-block-media-text is-stacked-on-mobile\" style=\"grid-template-columns:35% auto\"><figure class=\"wp-block-media-text__media\"><img loading=\"lazy\" decoding=\"async\" width=\"768\" height=\"389\" src=\"http:\/\/digitalcortex.com.br\/wp-content\/uploads\/2025\/04\/Lider.jpg\" alt=\"\" class=\"wp-image-138 size-full\" srcset=\"https:\/\/digitalcortex.com.br\/wp-content\/uploads\/2025\/04\/Lider.jpg 768w, https:\/\/digitalcortex.com.br\/wp-content\/uploads\/2025\/04\/Lider-300x152.jpg 300w\" sizes=\"auto, (max-width: 768px) 100vw, 768px\" \/><\/figure><div class=\"wp-block-media-text__content\">\n<h2 class=\"wp-block-heading\"><strong>5 Maneiras-Chave para se Tornar um Grande L\u00edder<\/strong>.<\/h2>\n\n\n\n<p>Liderar vai muito al\u00e9m de ocupar um cargo de chefia. Em um cen\u00e1rio corporativo cada vez mais vol\u00e1til, incerto, complexo e amb\u00edguo (o famoso&nbsp;<em>mundo VUCA<\/em>), ser um grande l\u00edder \u00e9 uma combina\u00e7\u00e3o de intelig\u00eancia emocional, vis\u00e3o estrat\u00e9gica, empatia e, sobretudo, a\u00e7\u00e3o. Se voc\u00ea quer ser promovido, gerar impacto ou transformar sua equipe, este conte\u00fado \u00e9 para voc\u00ea.<a href=\"http:\/\/digitalcortex.com.br\/index.php\/2025\/04\/19\/5-maneiras-chave-para-se-tornar-um-grande-lider\/\"><\/a><\/p>\n<\/div><\/div>\n\n\n\n<div class=\"wp-block-buttons is-content-justification-right is-layout-flex wp-container-core-buttons-is-layout-d445cf74 wp-block-buttons-is-layout-flex\">\n<div class=\"wp-block-button\"><a class=\"wp-block-button__link wp-element-button\" href=\"http:\/\/digitalcortex.com.br\/index.php\/2025\/04\/19\/5-maneiras-chave-para-se-tornar-um-grande-lider\/\">Leia mais<\/a><\/div>\n<\/div>\n\n\n\n<div class=\"wp-block-media-text is-stacked-on-mobile\" style=\"grid-template-columns:35% auto\"><figure class=\"wp-block-media-text__media\"><img loading=\"lazy\" decoding=\"async\" width=\"1024\" height=\"559\" src=\"http:\/\/digitalcortex.com.br\/wp-content\/uploads\/2025\/04\/image_fx-1-1024x559.png\" alt=\"\" class=\"wp-image-144 size-full\" srcset=\"https:\/\/digitalcortex.com.br\/wp-content\/uploads\/2025\/04\/image_fx-1-1024x559.png 1024w, https:\/\/digitalcortex.com.br\/wp-content\/uploads\/2025\/04\/image_fx-1-300x164.png 300w, https:\/\/digitalcortex.com.br\/wp-content\/uploads\/2025\/04\/image_fx-1-768x419.png 768w, https:\/\/digitalcortex.com.br\/wp-content\/uploads\/2025\/04\/image_fx-1.png 1408w\" sizes=\"auto, (max-width: 1024px) 100vw, 1024px\" \/><\/figure><div class=\"wp-block-media-text__content\">\n<p><\/p>\n\n\n\n<p><\/p>\n\n\n\n<p><\/p>\n\n\n\n<h2 class=\"wp-block-heading\"><strong>Profiss\u00f5es do Futuro<\/strong><\/h2>\n\n\n\n<p class=\"has-medium-font-size\"><strong>As Habilidades que V\u00e3o Decidir Quem Fica e Quem Sai do Jogo<\/strong>.<\/p>\n\n\n\n<p>O futuro do trabalho n\u00e3o ser\u00e1 sobre diplomas \u2014 ser\u00e1 sobre <strong>habilidades, adaptabilidade e prop\u00f3sito<\/strong>. A pergunta n\u00e3o \u00e9 mais <em>&#8220;qual profiss\u00e3o voc\u00ea quer seguir?&#8221;<\/em>, mas sim <em>&#8220;quais problemas voc\u00ea quer resolver?&#8221;<\/em><\/p>\n\n\n\n<p><\/p>\n\n\n\n<div class=\"wp-block-buttons is-content-justification-right is-layout-flex wp-container-core-buttons-is-layout-d445cf74 wp-block-buttons-is-layout-flex\">\n<div class=\"wp-block-button\"><a class=\"wp-block-button__link wp-element-button\" href=\"http:\/\/digitalcortex.com.br\/index.php\/2025\/04\/19\/profissoes-do-futuro-as-habilidades-que-vao-decidir-quem-fica-e-quem-sai-do-jogo\/\">Leia mais<\/a><\/div>\n<\/div>\n<\/div><\/div>\n\n\n\n<hr class=\"wp-block-separator has-alpha-channel-opacity is-style-wide\"\/>\n\n\n\n<hr class=\"wp-block-separator has-alpha-channel-opacity is-style-wide\"\/>\n\n\n\n<hr class=\"wp-block-separator has-alpha-channel-opacity\"\/>\n","protected":false},"excerpt":{"rendered":"<p>Fique por dentro das tend\u00eancias do mercado de trabalho. Descubra as profiss\u00f5es em alta, dicas de carreira, habilidades valorizadas e vagas promissoras.<\/p>\n","protected":false},"author":1,"featured_media":0,"parent":0,"menu_order":0,"comment_status":"closed","ping_status":"closed","template":"","meta":{"colormag_page_layout":"default_layout","footnotes":""},"class_list":["post-11","page","type-page","status-publish","hentry"],"yoast_head":"<!-- This site is optimized with the Yoast SEO plugin v24.9 - https:\/\/yoast.com\/wordpress\/plugins\/seo\/ -->\n<title>Carreira - DIGITAL CORTEX<\/title>\n<meta name=\"description\" content=\"Fique por dentro das tend\u00eancias do mercado de trabalho. Descubra as profiss\u00f5es em alta, dicas de carreira, habilidades valorizadas e vagas promissoras.\" \/>\n<meta name=\"robots\" content=\"index, follow, max-snippet:-1, max-image-preview:large, max-video-preview:-1\" \/>\n<link rel=\"canonical\" href=\"https:\/\/digitalcortex.com.br\/index.php\/carreira\/\" \/>\n<meta property=\"og:locale\" content=\"en_US\" \/>\n<meta property=\"og:type\" content=\"article\" \/>\n<meta property=\"og:title\" content=\"Carreira - DIGITAL CORTEX\" \/>\n<meta property=\"og:description\" content=\"Fique por dentro das tend\u00eancias do mercado de trabalho. Descubra as profiss\u00f5es em alta, dicas de carreira, habilidades valorizadas e vagas promissoras.\" \/>\n<meta property=\"og:url\" content=\"https:\/\/digitalcortex.com.br\/index.php\/carreira\/\" \/>\n<meta property=\"og:site_name\" content=\"DIGITAL CORTEX\" \/>\n<meta property=\"article:modified_time\" content=\"2025-04-21T18:50:21+00:00\" \/>\n<meta property=\"og:image\" content=\"http:\/\/digitalcortex.com.br\/wp-content\/uploads\/2025\/04\/banner-lancamento-3-1024x307.png\" \/>\n<meta name=\"twitter:card\" content=\"summary_large_image\" \/>\n<meta name=\"twitter:label1\" content=\"Est. reading time\" \/>\n\t<meta name=\"twitter:data1\" content=\"3 minutes\" \/>\n<script type=\"application\/ld+json\" class=\"yoast-schema-graph\">{\"@context\":\"https:\/\/schema.org\",\"@graph\":[{\"@type\":\"WebPage\",\"@id\":\"https:\/\/digitalcortex.com.br\/index.php\/carreira\/\",\"url\":\"https:\/\/digitalcortex.com.br\/index.php\/carreira\/\",\"name\":\"Carreira - DIGITAL CORTEX\",\"isPartOf\":{\"@id\":\"https:\/\/digitalcortex.com.br\/#website\"},\"primaryImageOfPage\":{\"@id\":\"https:\/\/digitalcortex.com.br\/index.php\/carreira\/#primaryimage\"},\"image\":{\"@id\":\"https:\/\/digitalcortex.com.br\/index.php\/carreira\/#primaryimage\"},\"thumbnailUrl\":\"http:\/\/digitalcortex.com.br\/wp-content\/uploads\/2025\/04\/banner-lancamento-3-1024x307.png\",\"datePublished\":\"2025-04-18T23:29:17+00:00\",\"dateModified\":\"2025-04-21T18:50:21+00:00\",\"description\":\"Fique por dentro das tend\u00eancias do mercado de trabalho. Descubra as profiss\u00f5es em alta, dicas de carreira, habilidades valorizadas e vagas promissoras.\",\"breadcrumb\":{\"@id\":\"https:\/\/digitalcortex.com.br\/index.php\/carreira\/#breadcrumb\"},\"inLanguage\":\"en-US\",\"potentialAction\":[{\"@type\":\"ReadAction\",\"target\":[\"https:\/\/digitalcortex.com.br\/index.php\/carreira\/\"]}]},{\"@type\":\"ImageObject\",\"inLanguage\":\"en-US\",\"@id\":\"https:\/\/digitalcortex.com.br\/index.php\/carreira\/#primaryimage\",\"url\":\"https:\/\/digitalcortex.com.br\/wp-content\/uploads\/2025\/04\/banner-lancamento-3-scaled.png\",\"contentUrl\":\"https:\/\/digitalcortex.com.br\/wp-content\/uploads\/2025\/04\/banner-lancamento-3-scaled.png\",\"width\":2560,\"height\":768},{\"@type\":\"BreadcrumbList\",\"@id\":\"https:\/\/digitalcortex.com.br\/index.php\/carreira\/#breadcrumb\",\"itemListElement\":[{\"@type\":\"ListItem\",\"position\":1,\"name\":\"Home\",\"item\":\"https:\/\/digitalcortex.com.br\/\"},{\"@type\":\"ListItem\",\"position\":2,\"name\":\"Carreira\"}]},{\"@type\":\"WebSite\",\"@id\":\"https:\/\/digitalcortex.com.br\/#website\",\"url\":\"https:\/\/digitalcortex.com.br\/\",\"name\":\"DIGITAL CORTEX\",\"description\":\"A SUA DOSE DI\u00c1RIA DE CONHECIMENTO\",\"publisher\":{\"@id\":\"https:\/\/digitalcortex.com.br\/#organization\"},\"potentialAction\":[{\"@type\":\"SearchAction\",\"target\":{\"@type\":\"EntryPoint\",\"urlTemplate\":\"https:\/\/digitalcortex.com.br\/?s={search_term_string}\"},\"query-input\":{\"@type\":\"PropertyValueSpecification\",\"valueRequired\":true,\"valueName\":\"search_term_string\"}}],\"inLanguage\":\"en-US\"},{\"@type\":\"Organization\",\"@id\":\"https:\/\/digitalcortex.com.br\/#organization\",\"name\":\"DIGITAL CORTEX\",\"url\":\"https:\/\/digitalcortex.com.br\/\",\"logo\":{\"@type\":\"ImageObject\",\"inLanguage\":\"en-US\",\"@id\":\"https:\/\/digitalcortex.com.br\/#\/schema\/logo\/image\/\",\"url\":\"https:\/\/digitalcortex.com.br\/wp-content\/uploads\/2025\/04\/cropped-DIGITAL-CORTEX.png\",\"contentUrl\":\"https:\/\/digitalcortex.com.br\/wp-content\/uploads\/2025\/04\/cropped-DIGITAL-CORTEX.png\",\"width\":800,\"height\":291,\"caption\":\"DIGITAL CORTEX\"},\"image\":{\"@id\":\"https:\/\/digitalcortex.com.br\/#\/schema\/logo\/image\/\"}}]}<\/script>\n<!-- \/ Yoast SEO plugin. -->","yoast_head_json":{"title":"Carreira - DIGITAL CORTEX","description":"Fique por dentro das tend\u00eancias do mercado de trabalho. Descubra as profiss\u00f5es em alta, dicas de carreira, habilidades valorizadas e vagas promissoras.","robots":{"index":"index","follow":"follow","max-snippet":"max-snippet:-1","max-image-preview":"max-image-preview:large","max-video-preview":"max-video-preview:-1"},"canonical":"https:\/\/digitalcortex.com.br\/index.php\/carreira\/","og_locale":"en_US","og_type":"article","og_title":"Carreira - DIGITAL CORTEX","og_description":"Fique por dentro das tend\u00eancias do mercado de trabalho. Descubra as profiss\u00f5es em alta, dicas de carreira, habilidades valorizadas e vagas promissoras.","og_url":"https:\/\/digitalcortex.com.br\/index.php\/carreira\/","og_site_name":"DIGITAL CORTEX","article_modified_time":"2025-04-21T18:50:21+00:00","og_image":[{"url":"http:\/\/digitalcortex.com.br\/wp-content\/uploads\/2025\/04\/banner-lancamento-3-1024x307.png","type":"","width":"","height":""}],"twitter_card":"summary_large_image","twitter_misc":{"Est. reading time":"3 minutes"},"schema":{"@context":"https:\/\/schema.org","@graph":[{"@type":"WebPage","@id":"https:\/\/digitalcortex.com.br\/index.php\/carreira\/","url":"https:\/\/digitalcortex.com.br\/index.php\/carreira\/","name":"Carreira - DIGITAL CORTEX","isPartOf":{"@id":"https:\/\/digitalcortex.com.br\/#website"},"primaryImageOfPage":{"@id":"https:\/\/digitalcortex.com.br\/index.php\/carreira\/#primaryimage"},"image":{"@id":"https:\/\/digitalcortex.com.br\/index.php\/carreira\/#primaryimage"},"thumbnailUrl":"http:\/\/digitalcortex.com.br\/wp-content\/uploads\/2025\/04\/banner-lancamento-3-1024x307.png","datePublished":"2025-04-18T23:29:17+00:00","dateModified":"2025-04-21T18:50:21+00:00","description":"Fique por dentro das tend\u00eancias do mercado de trabalho. Descubra as profiss\u00f5es em alta, dicas de carreira, habilidades valorizadas e vagas promissoras.","breadcrumb":{"@id":"https:\/\/digitalcortex.com.br\/index.php\/carreira\/#breadcrumb"},"inLanguage":"en-US","potentialAction":[{"@type":"ReadAction","target":["https:\/\/digitalcortex.com.br\/index.php\/carreira\/"]}]},{"@type":"ImageObject","inLanguage":"en-US","@id":"https:\/\/digitalcortex.com.br\/index.php\/carreira\/#primaryimage","url":"https:\/\/digitalcortex.com.br\/wp-content\/uploads\/2025\/04\/banner-lancamento-3-scaled.png","contentUrl":"https:\/\/digitalcortex.com.br\/wp-content\/uploads\/2025\/04\/banner-lancamento-3-scaled.png","width":2560,"height":768},{"@type":"BreadcrumbList","@id":"https:\/\/digitalcortex.com.br\/index.php\/carreira\/#breadcrumb","itemListElement":[{"@type":"ListItem","position":1,"name":"Home","item":"https:\/\/digitalcortex.com.br\/"},{"@type":"ListItem","position":2,"name":"Carreira"}]},{"@type":"WebSite","@id":"https:\/\/digitalcortex.com.br\/#website","url":"https:\/\/digitalcortex.com.br\/","name":"DIGITAL CORTEX","description":"A SUA DOSE DI\u00c1RIA DE CONHECIMENTO","publisher":{"@id":"https:\/\/digitalcortex.com.br\/#organization"},"potentialAction":[{"@type":"SearchAction","target":{"@type":"EntryPoint","urlTemplate":"https:\/\/digitalcortex.com.br\/?s={search_term_string}"},"query-input":{"@type":"PropertyValueSpecification","valueRequired":true,"valueName":"search_term_string"}}],"inLanguage":"en-US"},{"@type":"Organization","@id":"https:\/\/digitalcortex.com.br\/#organization","name":"DIGITAL CORTEX","url":"https:\/\/digitalcortex.com.br\/","logo":{"@type":"ImageObject","inLanguage":"en-US","@id":"https:\/\/digitalcortex.com.br\/#\/schema\/logo\/image\/","url":"https:\/\/digitalcortex.com.br\/wp-content\/uploads\/2025\/04\/cropped-DIGITAL-CORTEX.png","contentUrl":"https:\/\/digitalcortex.com.br\/wp-content\/uploads\/2025\/04\/cropped-DIGITAL-CORTEX.png","width":800,"height":291,"caption":"DIGITAL CORTEX"},"image":{"@id":"https:\/\/digitalcortex.com.br\/#\/schema\/logo\/image\/"}}]}},"_links":{"self":[{"href":"https:\/\/digitalcortex.com.br\/index.php\/wp-json\/wp\/v2\/pages\/11","targetHints":{"allow":["GET"]}}],"collection":[{"href":"https:\/\/digitalcortex.com.br\/index.php\/wp-json\/wp\/v2\/pages"}],"about":[{"href":"https:\/\/digitalcortex.com.br\/index.php\/wp-json\/wp\/v2\/types\/page"}],"author":[{"embeddable":true,"href":"https:\/\/digitalcortex.com.br\/index.php\/wp-json\/wp\/v2\/users\/1"}],"replies":[{"embeddable":true,"href":"https:\/\/digitalcortex.com.br\/index.php\/wp-json\/wp\/v2\/comments?post=11"}],"version-history":[{"count":24,"href":"https:\/\/digitalcortex.com.br\/index.php\/wp-json\/wp\/v2\/pages\/11\/revisions"}],"predecessor-version":[{"id":287,"href":"https:\/\/digitalcortex.com.br\/index.php\/wp-json\/wp\/v2\/pages\/11\/revisions\/287"}],"wp:attachment":[{"href":"https:\/\/digitalcortex.com.br\/index.php\/wp-json\/wp\/v2\/media?parent=11"}],"curies":[{"name":"wp","href":"https:\/\/api.w.org\/{rel}","templated":true}]}}